
Let g(r) = 6*r + 12. Let y = 77 + -34. Let t = -36 + y. Does 11 divide g(t)?
False
Suppose 5*d = -0*d - 10. Let t be 8/d - -3 - -1. Suppose y + 2*j = 13 + 1, -3*y - 3*j + 42 = t. Is y a multiple of 7?
True
Let j be (-1*(-3 + 3 + 0))/1. Let k be (52/1)/2 + -2. Suppose j*z = 4*z - k. Is z even?
True
Let f be 4/14 - 44/7. Let m(o) = 3*o**2 + 12*o + 18. Is 9 a factor of m(f)?
True
Let d(t) = -t**2 - 3*t + 3. Let b be d(-3). Let y(j) = 7*j**2 + j - 7. Is y(b) a multiple of 6?
False
Let h = 34 - 29. Suppose -r - 101 = -6*r + w, -h*r + 95 = 5*w. Is 20 a factor of r?
True
Let n be (-1)/1*(-11 - -7). Suppose 72 - 28 = n*x. Let r = 13 - x. Is r even?
True
Suppose -5*r + 4*r = -6. Suppose 83 = r*o - 205. Does 7 divide o?
False
Suppose 0*p = -3*p + 444. Let v be -4 + 0 - (-28 - (0 + -1)). Suppose 0 = -3*x + v + p. Does 19 divide x?
True
Let r be (82/6)/((-1)/(-3)). Let w = r + -2. Does 13 divide w?
True
Suppose -2*a + 6 = 0, -3*s + 4*a = -4*s + 15. Let l(b) = b + 8. Let m be l(-7). Let v = s + m. Does 4 divide v?
True
Suppose -159 = 3*m - 4*h, -2*m + 4*h - 2*h - 108 = 0. Is 19 a factor of m/((-124)/28 - -4)?
True
Suppose 8*l - 63 = 1. Suppose 0 = 5*d - 5*g - 40, -5*g = -g. Does 10 divide (-84)/l*d/(-6)?
False
Suppose 95 = 5*x + 3*a + 14, 0 = -2*x + 3*a + 45. Let l(s) = s**3 - 18*s**2 + s + 4. Does 11 divide l(x)?
True
Let i = -47 + 44. Is 2 a factor of (-16)/i + (-2)/(-3)?
True
Let n(d) = 4*d**3 - 9*d**2 - 14*d + 4. Let b(z) = -3*z**3 + 9*z**2 + 14*z - 3. Let x(a) = -5*b(a) - 4*n(a). Let y be x(-7). Let r = 4 - y. Is r a multiple of 3?
False
Let z(x) = -6*x**2 + 10*x + 4. Let j(f) = f**2 - 2*f - 1. Let s(l) = 11*j(l) + 2*z(l). Let m be s(-2). Is 17 a factor of (2/5)/(m/(-165))?
False
Let f be ((-166)/(-4))/(2/(-4)). Let k be (-3)/((-62)/16 + 4). Is f/(-4) - k/(-32) a multiple of 6?
False
Let d(o) = o**2 - 10*o - 5. Let t be d(-11). Let g = -129 + t. Does 11 divide g?
False
Suppose 3*m - m - 12 = 0. Let k(y) = -y**2 + 7*y - 6. Let l be k(m). Suppose s - 3*s + 54 = l. Does 9 divide s?
True
Let p(r) = -r**2 - 6*r + 2. Let w be p(-6). Suppose -76 = -6*u + w*u. Let k = u - 5. Does 9 divide k?
False
Let b = -24 + 27. Suppose -b*l + 177 + 318 = 0. Is 11 a factor of l?
True
Suppose 0 = 8*z + 34*z - 108108. Does 18 divide z?
True
Let x(m) = -m**3 - 28*m**2 - 6*m + 120. Does 16 divide x(-28)?
True
Suppose 384 = -3*u + 1872. Suppose 0*d = -4*i - 5*d + u, -i + 5*d = -124. Suppose 181 + i = 5*y. Is 22 a factor of y?
False
Let h(b) = 51*b**2 + 1. Let l be h(-2). Suppose -3*x - 2*v + l = -7, -4*x + 278 = -2*v. Is 7 a factor of x?
True
Let f(h) be the first derivative of -11*h**2 - 3*h + 3*h - h + 6. Is 10 a factor of f(-1)?
False
Let t = 6 - 12. Let v be (-10)/(-15)*(t - 0). Let f(o) = o**2 - 5*o - 2. Is f(v) a multiple of 15?
False
Let u(q) = -q**3 - 6*q**2 - 5*q + 2. Let w be u(-5). Let x = 47 - w. Let f = x - 27. Is 9 a factor of f?
True
Let f be 2*(-5)/((-5)/12). Let m be 14 + (-1 - (-1 + 2)). Let y = f + m. Is 9 a factor of y?
True
Is 10 a factor of (900/(-70))/((-13)/637)?
True
Let t be 4/(8/45)*2. Let b = t - -35. Is b a multiple of 20?
True
Suppose -2*a - 3*w = -90, 3*a + w - 48 - 80 = 0. Is a even?
True
Suppose 25*u = 582 + 168. Is u a multiple of 8?
False
Let v = 18 + 66. Suppose 6*u - v = -18. Is 11 a factor of u?
True
Suppose 0 = -5*g + 3*g + 8. Suppose g*x - 200 = 480. Does 27 divide x/4*20/25?
False
Let v(f) = 91*f - 414. Is v(17) a multiple of 26?
False
Let w = 82 - 23. Is 3 a factor of w?
False
Let r = 24 - 22. Suppose y + 62 = r*y. Is y a multiple of 31?
True
Suppose 0 = -q - 5*o + 19, 2*q - 9 = -4*o + 11. Let d be 26/(-8) - q/(-16). Is 13 a factor of 15/((-3)/30*d)?
False
Suppose -g + 1048 = o, 328*g = 330*g - 6. Does 95 divide o?
True
Let g be -25 - (-1 + -4 + 2). Is 20 a factor of ((-11)/g)/(1/80)?
True
Is 3 a factor of (-381)/(-9) - 22/(-33)?
False
Let z = 29 + -29. Suppose -4*q - 2*a = a - 177, -4*a - 20 = z. Does 12 divide q?
True
Let j be 64/16*826/(-8). Let r = j - -609. Is r a multiple of 18?
False
Does 25 divide 101*1/3*(237 + -228)?
False
Is -2*(-90)/(-20) + 1374 a multiple of 13?
True
Let v be 1496*(5/2)/(13 + -8). Suppose 2*n = z + v, -3*n = 5*z - 0*z - 1135. Does 25 divide n?
True
Let c = -403 + 498. Is c a multiple of 9?
False
Let h be -5*(2 + 0 - 3). Suppose -3*d + 6 = -k, -3*d + 10 = 4*k + 4. Suppose d*z - h*z + 117 = 0. Is z a multiple of 13?
True
Let g = 2414 + -1304. Is 15 a factor of g?
True
Let s be (8/10)/((-1)/(-5)). Let l be (-8)/(-2) - s - -4. Suppose 3*c - 48 = -l*t + 21, 3*c + 21 = 2*t. Is t a multiple of 5?
True
Let z be (3 - 0)*(-3 + 1). Let q be (2 + -1)/((-1)/z). Does 10 divide 2 - 3/(q/(-56))?
True
Let g(t) = 8 - 11*t - 17*t - 9 - 2*t**2. Does 6 divide g(-12)?
False
Let p(m) = 18*m**2 - 22*m**2 - 5*m + 3*m**3 - 5 - 5*m**3. Is 4 a factor of p(-3)?
True
Let p(h) be the third derivative of h**5/60 + h**4/24 + 11*h**3/6 - 20*h**2. Does 18 divide p(5)?
False
Let s(p) = p**3 - 8*p**2 + p - 4. Let m be s(8). Let c be (195/m)/(7/28). Suppose -3*a + c = 42. Is a a multiple of 17?
True
Let c be -1 + (-6)/27 + 176/(-18). Let d(b) = -29*b - 3. Is d(c) a multiple of 37?
False
Suppose -456 = -2*f + 3*r + 2477, -f + r = -1467. Is f a multiple of 80?
False
Let r be ((-11)/(-4))/(8/448). Suppose 452 = 3*z + 2*u, z + 2*u + 2*u = r. Does 15 divide z?
True
Let q be 10/35 - 248/(-14). Suppose 8*h = 18*h - 10. Is q - (h - (4 + -4)) a multiple of 4?
False
Suppose 4*k = 5*g + 36, k - 4*g - 32 = -3*k. Suppose -5*w - 4*a = -142, -2*a + 0 - k = 0. Is 10 a factor of w?
True
Let q be 56/21*6/4. Suppose q*s - 8 = 5*t + 2*s, 8 = -t + 2*s. Suppose -4*p + 3*o + 151 = t, 0 = -2*p + 3*o + 23 + 60. Is 17 a factor of p?
True
Let b = 23 - -13. Suppose 0 = 2*m + 2*v - b, -3*m = -7*m - 3*v + 67. Is m a multiple of 6?
False
Let o(c) = c**2 + 4*c - 21. Let u be o(-9). Suppose 2*t - t = u. Is 4 a factor of t?
True
Let n be 2 - 4 - 3 - -3. Let j be n/(12/51)*18. Let x = j + 264. Does 17 divide x?
False
Let k = -1 - -4. Suppose 32 - 3 = j - 3*f, k*j - 97 = 4*f. Is 0 + j/1 - 3 a multiple of 16?
True
Let y be ((-2)/4)/((-4)/(-40)). Let p be y/((0 - -1)/10). Is 13 a factor of 2/(4 - 3) - p?
True
Suppose 52*w = 3870 + 15266. Is 4 a factor of w?
True
Let l = 9 + -12. Let h(g) = -2*g**3 - 5*g**2 - 7*g - 14. Does 16 divide h(l)?
True
Let h(v) = 4*v - 4. Let u(p) = -p + 2. Let k be u(-6). Suppose -21 = -q - k. Is h(q) a multiple of 8?
True
Let i(y) = y**2 - 37*y + 176. Is 5 a factor of i(41)?
True
Is 2308/21 + (-66)/(-693) a multiple of 55?
True
Let v be (-159)/(-9) - 4/6. Let i = v - -63. Is 9 a factor of i?
False
Let i(t) = t + 41. Suppose 0*y = m - 2*y - 29, 2*y + 145 = 5*m. Is i(m) a multiple of 10?
True
Let t(a) = -a - 6. Let p be t(-9). Let q = p + 0. Suppose -2*z + 15 = 3*k - 99, 0 = 5*z + q*k - 267. Is z a multiple of 19?
False
Let u be (0 - -1)/(5/15). Let r(k) = k**3 - 5*k**2 + k + 4. Let d be r(u). Let j = -9 - d. Does 2 divide j?
True
Suppose -4*x = -13 + 5. Suppose 5*i + x*l - l = 252, 0 = 3*l - 6. Is i a multiple of 5?
True
Suppose -g + l - 348 = -3*g, -3*g + 3*l = -531. Suppose -5*w + w = -3*q + 128, 0 = -5*q - w + g. Is 11 a factor of q?
False
Let n(z) = z**3 - 6*z**2 - 6*z - 10. Let k = -3 + -7. Let v = k + 18. Is 14 a factor of n(v)?
True
Does 4 divide 17710/175 - (-1)/(-5)?
False
Let r = 16 - 8. Let n = r + -5. Does 14 divide (12 - n - -2) + 3?
True
Is 36 a factor of 672/72*(-102)/(-8)?
False
Let c(i) = i**3 - 35*i**2 - 85*i + 117. Is 114 a factor of c(39)?
False
Suppose 4 = -2*a - 0, -5*w - 2*a = -66. Does 5 divide 5/((-15)/(-9)) + w?
False
Let i = -621 + 793. Is 5 a factor of i?
False
Let s(y) = 108*y**2 + 177*y - 352. Does 31 divide s(2)?
True
Let g(u) = -u**3 - u**2 + u. Let y be g(0). Suppose y = 2*b + 8 + 12. Let s = b + 13. Does 2 divide s?
False
Suppose -2*h - 3*h = -5, -5*h = -3*p - 5. Suppose -3*l - 12 = p, 3*f + 2*l - 39 - 55 = 0. Is f a multiple of 8?
False
Let s = -550 + 2450. Is 38 a factor of s?
True
Let y(w) = w**3 + 14*w**2 - 4*w + 15. Is 9 a factor of y(-10)?
False
Suppose 4*x = 2*x - 3*s - 6, 32 = -5*x + s. Let j = x + 9. Suppose 0 = -w + j*h + 20, 3*w + h - 48 - 32 = 0. Is w a multiple of 12?
False
Let c be (-3 + -1)/(-2)*54. Let b be (-22)/18 - (-24)/c. Is 7 a factor of b - 5/((-10)/24)?
False
Let p(y) = -y**3 - 5*y**2 + 4*y - 